3, 881
List the prime factors of 24430.
2, 5, 7, 349
List the prime factors of 199027.
29, 6863
What are the prime factors of 358154?
2, 131, 1367
What are the prime factors of 1303145?
5, 260629
What are the prime factors of 7092338?
2, 11, 179, 1801
List the prime factors of 2745890.
2, 5, 7, 39227
List the prime factors of 4994244.
2, 3, 131, 353
List the prime factors of 5794245.
3, 5, 128761
List the prime factors of 734934.
2, 3, 122489
List the prime factors of 243887.
7, 34841
List the prime factors of 647491.
13, 49807
What are the prime factors of 16205022?
2, 3, 67, 1493
List the prime factors of 26073.
3, 2897
What are the prime factors of 2621762?
2, 11, 13, 89, 103
What are the prime factors of 92823?
3, 30941
List the prime factors of 141789.
3, 151, 313
What are the prime factors of 41515?
5, 19, 23
List the prime factors of 7880323.
11, 41, 101, 173
What are the prime factors of 15396353?
7, 2199479
List the prime factors of 432717.
3, 97, 1487
What are the prime factors of 3985523?
3985523
What are the prime factors of 1621396?
2, 7, 79, 733
What are the prime factors of 1540976?
2, 19, 37, 137
List the prime factors of 848327.
61, 13907
List the prime factors of 10974121.
10974121
What are the prime factors of 514088?
2, 179, 359
List the prime factors of 12169936.
2, 760621
List the prime factors of 4966810.
2, 5, 496681
List the prime factors of 141219.
3, 13, 17, 71
What are the prime factors of 10043729?
41, 199, 1231
List the prime factors of 25128.
2, 3, 349
List the prime factors of 496280.
2, 5, 19, 653
List the prime factors of 11569634.
2, 31, 191, 977
List the prime factors of 860094.
2, 3, 71, 673
What are the prime factors of 705903?
3, 11, 21391
What are the prime factors of 2321800?
2, 5, 13, 19, 47
List the prime factors of 135032.
2, 16879
What are the prime factors of 1758625?
5, 11, 1279
List the prime factors of 247648.
2, 71, 109
What are the prime factors of 344079?
3, 38231
What are the prime factors of 11130279?
3, 1009, 3677
List the prime factors of 191080.
2, 5, 17, 281
What are the prime factors of 5918130?
2, 3, 5, 23, 953
What are the prime factors of 17613565?
5, 59, 59707
What are the prime factors of 1730834?
2, 7, 123631
What are the prime factors of 14636091?
3, 4878697
What are the prime factors of 11338801?
19, 596779
List the prime factors of 294073.
13, 22621
What are the prime factors of 78635?
5, 15727
List the prime factors of 966070.
2, 5, 7, 37, 373
What are the prime factors of 414617?
7, 61, 971
What are the prime factors of 1272236?
2, 7, 6491
What are the prime factors of 491409?
3, 54601
What are the prime factors of 88551?
3, 9839
What are the prime factors of 3747045?
3, 5, 23, 10861
What are the prime factors of 568623?
3, 11, 17231
List the prime factors of 3389263.
751, 4513
What are the prime factors of 57640?
2, 5, 11, 131
List the prime factors of 3808231.
7, 77719
What are the prime factors of 312434?
2, 156217
What are the prime factors of 7572541?
67, 113023
List the prime factors of 128816.
2, 83, 97
What are the prime factors of 333768?
2, 3, 13907
What are the prime factors of 1088182?
2, 349, 1559
List the prime factors of 268874.
2, 134437
What are the prime factors of 953205?
3, 5, 11, 53, 109
List the prime factors of 192514.
2, 7, 13751
What are the prime factors of 305961?
3, 101987
List the prime factors of 13407319.
13407319
What are the prime factors of 304853?
59, 5167
What are the prime factors of 221001?
3, 11, 37, 181
What are the prime factors of 2631119?
331, 7949
What are the prime factors of 25594157?
25594157
List the prime factors of 6885647.
6885647
List the prime factors of 48890.
2, 5, 4889
What are the prime factors of 4160716?
2, 7, 17, 8741
What are the prime factors of 172901?
37, 4673
What are the prime factors of 43953?
3, 7, 13, 23
What are the prime factors of 247796?
2, 61949
List the prime factors of 3599883.
3, 7, 907
What are the prime factors of 930956?
2, 13, 17903
List the prime factors of 98152.
2, 12269
What are the prime factors of 420781?
420781
What are the prime factors of 185889?
3, 11, 43, 131
List the prime factors of 25955612.
2, 71, 91393
List the prime factors of 15925468.
2, 13, 306259
List the prime factors of 32576685.
3, 5, 107, 20297
List the prime factors of 1109461.
83, 13367
List the prime factors of 322660.
2, 5, 13, 17, 73
List the prime factors of 18506.
2, 19, 487
List the prime factors of 2990033.
2990033
List the prime factors of 524245.
5, 104849
What are the prime factors of 1047388?
2, 261847
List the prime factors of 325961.
71, 4591
List the prime factors of 22773.
3, 7591
List the prime factors of 6993964.
2, 1748491
What are the prime factors of 200041?
200041
What are the prime factors of 7057676?
2, 37, 43, 1109
List the prime factors of 246902.
2, 41, 3011
List the prime factors of 17162.
2, 8581
List the prime factors of 6139194.
2, 3, 1023199
List the prime factors of 23251305.
3, 5, 7, 11, 41, 491
List the prime factors of 7911995.
5, 7, 13, 17389
What are the prime factors of 1195328?
2, 19, 983
List the prime factors of 1994661.
3, 17, 13037
What are the prime factors of 649372?
2, 162343
What are the prime factors of 356193?
3, 19, 2083
What are the prime factors of 81140?
2, 5, 4057
List the prime factors of 2864087.
2864087
What are the prime factors of 693570?
2, 3, 5, 61, 379
List the prime factors of 445873.
19, 31, 757
List the prime factors of 18081941.
18081941
What are the prime factors of 1418584?
2, 177323
What are the prime factors of 22567?
22567
What are the prime factors of 7377363?
3, 7, 117101
List the prime factors of 83452.
2, 31, 673
List the prime factors of 2651602.
2, 19, 69779
List the prime factors of 8316.
2, 3, 7, 11
List the prime factors of 25178102.
2, 12589051
List the prime factors of 456775.
5, 11, 151
What are the prime factors of 460102?
2, 31, 41, 181
List the prime factors of 1923581.
11, 31, 5641
What are the prime factors of 689692?
2, 172423
List the prime factors of 17660.
2, 5, 883
What are the prime factors of 530193?
3, 31, 5701
What are the prime factors of 154823?
154823
List the prime factors of 3585.
3, 5, 239
What are the prime factors of 1901598?
2, 3, 557, 569
What are the prime factors of 1116815?
5, 7, 17, 1877
List the prime factors of 816408.
2, 3, 17, 23, 29
What are the prime factors of 65196?
2, 3, 1811
List the prime factors of 91058.
2, 11, 4139
List the prime factors of 365435.
5, 7, 53, 197
List the prime factors of 248023.
197, 1259
List the prime factors of 6833682.
2, 3, 379649
What are the prime factors of 2243871?
3, 7, 35617
What are the prime factors of 3542949?
3, 19, 20719
List the prime factors of 889080.
2, 3, 5, 31, 239
List the prime factors of 886765.
5, 11, 23, 701
What are the prime factors of 79065?
3, 5, 7, 251
List the prime factors of 165309.
3, 55103
List the prime factors of 23462975.
5, 17, 55207
What are the prime factors of 3475266?
2, 3, 653, 887
List the prime factors of 8020801.
8020801
What are the prime factors of 138067?
101, 1367
What are the prime factors of 4737986?
2, 11, 283, 761
What are the prime factors of 4799120?
2, 5, 239, 251
What are the prime factors of 5162998?
2, 73, 35363
What are the prime factors of 2068458?
2, 3, 7, 17, 2897
What are the prime factors of 31414?
2, 113, 139
List the prime factors of 353843.
7, 50549
What are the prime factors of 8025544?
2, 1003193
List the prime factors of 235437.
3, 78479
List the prime factors of 12226479.
3, 4075493
What are the prime factors of 54978?
2, 3, 7, 11, 17
What are the prime factors of 766194?
2, 3, 11, 13, 19, 47
List the prime factors of 16670315.
5, 19, 379, 463
List the prime factors of 4215939.
3, 7, 13, 15443
List the prime factors of 223632.
2, 3, 1553
What are the prime factors of 161339?
161339
What are the prime factors of 8160876?
2, 3, 226691
List the prime factors of 9280.
2, 5, 29
What are the prime factors of 4336862?
2, 677, 3203
List the prime factors of 11520321.
3, 3840107
What are the prime factors of 3545526?
2, 3, 590921
What are the prime factors of 7422123?
3, 23, 263, 409
What are the prime factors of 1187365?
5, 17, 61, 229
What are the prime factors of 51359?
7, 11, 23, 29
What are the prime fac